 value of (-22 - -10) + 4 - (0 + -6)?
-2
Evaluate 24 + 6 + 27 + -44.
13
(-28 - -24) + -22 - -38
12
What is the value of (7 - (-18 - -24)) + 0 + 7?
8
Evaluate 0 + 7 + 2 - (-5 + 4 + 28).
-18
Evaluate 11 - (-6 + -1 + 1 + 2).
15
-64 - -56 - (2 + 1)
-11
Evaluate 18 + (-49 - (29 + -47)).
-13
Calculate (13 - 1 - 19) + 7 + (0 - -20).
20
2 + -17 - (-14 + (18 - 6 - -5))
-18
Evaluate (0 - 0) + 3 + (-26 + -23 - -52).
6
What is 5 - (0 - (15 - 6 - 7))?
7
Calculate 12 + (5 - 6) + -7 + 26 + -2.
28
Calculate (-49 - -18) + 53 - (7 - 2).
17
-2 + (0 - -8) - (-9 + (-46 - -58))
3
Calculate 11 - -1 - (120 + -123).
15
Evaluate 15 + 22 + -32 + -13.
-8
Calculate 18 + -1 - (179 - 185).
23
Calculate -6 + -2 + 1 - (6 - 20).
7
Calculate 15 + 0 - (18 - -8 - -5).
-16
Evaluate 1 + 16 + (557 - 565).
9
What is the value of -8 - (5 - (16 - 8 - -6) - -10)?
-9
Evaluate 20 - 23 - (2 + 1 + 10).
-16
Evaluate -3 + -5 + (-14 - -11) + 25.
14
What is the value of -22 - (7 - -15 - 44)?
0
What is -35 + (-1 - -45 - 33)?
-24
Calculate 2 + (37 - 3 - -6) + -7 + -1.
34
(10 - (3 + 2 + (24 - 27))) + -24
-16
What is the value of (15 + -16 - -12) + 3 + -5?
9
15 - (-4 - -15 - (-3 - -9))
10
(-2 - -6) + 10 + (1 + 5 - -3)
23
Evaluate -138 + 157 - (4 + -2).
17
What is 6 - 11 - (-27 + 24)?
-2
What is the value of -20 + 9 - -19 - 3 - -3?
8
Calculate 6 + 22 + -16 + -8 + (1 - 4).
1
What is the value of 2 + 13 + 4 + -10 - 11?
-2
What is the value of 1 - (-14 + -5 - -11)?
9
What is the value of (3 - -3) + (-2 + 0 - 0)?
4
Evaluate 0 + (-3 - -18) + -8 + 2.
9
13 + (-20 - (-3 - 29))
25
What is the value of 34 + -12 - (-38 + 65)?
-5
Evaluate 5 + (115 - 126 - (5 - 3)).
-8
What is the value of (18 - (-2 + 20)) + (2 - 14)?
-12
Calculate (-54 - -22) + 6 - -25.
-1
What is the value of 28 + -5 + -9 + -4 - 3?
7
Evaluate (-8 - 0) + 1473 + -1460.
5
What is the value of -123 + 129 + 1 + 1 + 2?
10
Evaluate (-54 + 27 - -17) + -5.
-15
What is the value of (0 - -2) + (28 - 33)?
-3
What is the value of -25 + 26 - 21 - -16?
-4
Evaluate -6 - (-5 + -51 + 45 + (13 - -1)).
-9
What is the value of (-770 - -760) + (-1 - (-41 + -1))?
31
-4 + 8 + (-8 - -10) + 8
14
What is the value of -12 - (-11 - -11) - 1?
-13
What is the value of (0 - -7) + 68 + -93?
-18
What is -3 - -12 - (12 - (0 - 5))?
-8
What is the value of (4 - 2) + 7 + (4 - 10 - -2)?
5
What is (0 - -14) + (-17 - -6) - -11?
14
What is the value of 1 + -8 + (7 - 6) - 19?
-25
-14 + (20 - 14) + 8
0
What is the value of -7 - -7 - (-22 + (6 - 3 - 0))?
19
Calculate -1 + -9 + -2 + 3 + (4 - 3).
-8
What is -7 - (9 - 10) - (4 - 7)?
-3
What is (-4 - (4 - (17 - 4))) + -9 + -7?
-11
What is (-3 - (-2 - -4)) + (-57 + 27 - -12)?
-23
What is the value of -96 - -55 - (-21 + 5)?
-25
34 - 9 - (28 + 3)
-6
-4 - (-25 + (28 - 18))
11
(-7 - 1) + (12 - 14) + 10 + -4
-4
Calculate 0 - (-1 - -2 - (-15 + 18 - -2)).
4
Evaluate -17 + 43 + (-10 - 4).
12
What is the value of -25 + (1 - 10) + 16 + -32 + 28?
-22
Evaluate -5 + (9 - (32 + -18)).
-10
What is the value of 69 - (20 - -24 - 6)?
31
-205 + 193 + 0 + 15
3
7 - (-6 + 1 - (-4 + 16))
24
What is the value of -1 + -15 + 25 + -26?
-17
What is the value of 16 - -8 - 46 - -13?
-9
4 + -9 + 15 - 4 - (0 - -3)
3
Evaluate 15 - 31 - -25 - 21.
-12
Calculate 1 - (4 - 3) - (12 + -16).
4
Calculate (2 - (15 - 12 - -4)) + 9.
4
Calculate -5 + 0 - (297 - 309).
7
What is the value of 7 + (1 + 7 - 17) + 13 + -8?
3
Calculate (-6 - -68 - 16 - 6) + -11.
29
What is 11 + (-5 + 20 + -18 - -14)?
22
-17 - 3 - (37 + -58)
1
Calculate 10 + ((-6 - 1) + 4 - 8).
-1
0 + 7 - (79 - 74) - 2
0
-9 + 4 + 3 + -6 + 8
0
-16 - (-12 + -13 + 11)
-2
Calculate (16 - (0 + 0)) + (-48 + 50 - 12).
6
What is the value of 18 + (16 - 19 - (8 + -3))?
10
What is -14 + (6 - 1) - (-7 + 2 + 14)?
-18
What is -10 + (27 - (-11 - (12 + -28)))?
12
244 + -226 + 2 + -46
-26
What is the value of (-3 - (-2 - -4)) + -862 + 869?
2
Evaluate (-8 - -8) + -8 + (20 - 7).
5
Evaluate 5 - (8 + 2 + 2 + (-44 - -18)).
19
4 + (-17 - (12 - 12))
-13
What is the value of -1 + 4 - -2 - (-46 - -59)?
-8
Calculate 14 + 1 + -13 - 10.
-8
What is -37 + (4 - -11) + 40?
18
What is the value of -4 + 1 - -2 - (-6 - (2 + -6))?
1
What is -2 - ((-10 - (7 + -20 + 7)) + 4)?
-2
What is 1 - 9 - (64 + -71) - (0 + -1)?
0
-8 + ((-2 - (17 - 4)) + 7 - -1)
-15
14 + (-12 - (4 - (-10 - -36)))
24
Evaluate -29 + 6 + -2 - -2.
-23
What is -45 - (-13 + 27 + -48)?
-11
Calculate -45 - (0 - -15 - 35).
-25
What is (-7 + 2 - -24) + -32?
-13
What is the value of (8 - (18 + -7) - 1) + 1 - -4?
1
What is the value of 7 - (-5 + (-9 - -9))?
12
11 + 3 + (-11 - -5) + 0 + -6
2
Evaluate (-12 + -5 + -9 - -11) + -5.
-20
What is -8 + 29 + (3 - 0 - 13)?
11
What is 7 - (5 + 4) - 1 - (-4 + -1)?
2
What is 5 - (-1 + 1) - ((-130 - 3) + 110)?
28
Evaluate -6 + 6 + -4 + 6 + -5 + 9.
6
(-10 - 3 - -5 - (-4 - 6)) + -8
-6
Evaluate (7 - (14 + 11 + -14)) + (-1 - -3).
-2
Evaluate -7 - (14 - 10 - 22).
11
Calculate (11 - (4 - -18)) + 29.
18
Calculate 21 + (14 - 16 - (7 - (3 + 1))).
16
-183 + 189 - (0 - -21)
-15
Calculate -25 - (5 - (-11 - -28)).
-13
What is the value of -31 - (-13 - (16 - 11))?
-13
-10 + -10 - (-32 + 8)
4
(14 - (6 + 3)) + (-1 - (0 - 4))
8
18 - (-8 + 24 + (-2 - 6))
10
17 - 25 - 28 - -6 - -8
-22
What is (3 - -2 - (-33 - -32)) + 2?
8
What is 99 + -144 + 80 + -1 + (1 - 5)?
30
What is the value of -287 - -281 - (-2 + 1 + 2 - 17)?
10
Evaluate (-38 - 3) + (95 - 76).
-22
Evaluate -17 - 15 - -14 - (-2 - 0).
-16
Evaluate -4 + -4 + 19 + -3 + 1.
9
What is (6 - (0 - 0)) + (-99 - (25 - 88))?
-30
Calculate 13 - 0 - (19 - (-13 + 26)).
7
(0 - 2) + (25 - (34 - 32)) - 7
14
17 - 5 - (12 + (-4 - 6 - -4))
6
Evaluate 33 + -3 + -36 - (-1 - -5).
-10
Calculate 5 - (-8 + -2 - (-10 + 7)).
12
Calculate (16 - 1) + (-12 - (1 + -3)).
5
Evaluate -4 - -3 - ((-7 - 7) + 13).
0
What is 29 + (7 - -1) + (-26 - (-1 - 28))?
40
Calculate -4 + (-49 - -5 - -20).
-28
Calculate -20 + (2 - -16) + 8.
6
Evaluate -7 + (28 - 24) + (-1 - -6).
2
-48 + 28 + -8 - (-5 - -5)
-28
What is -3 + 17 + (-65 - -37) - -9?
-5
-5 - (14 + -1 - 8 - 0)
-10
Calculate -27 + (28 - 17) - -7.
-9
Calculate -10 + 6 + 30 - (5 - (4 + -8)).
17
What is the value of 0 - -1 - (11 - (24 - (17 - 15)))?
12
What is 45 + (-16 - -12) - 25?
16
What is 4 - (-1 - 10 - -30)?
-15
Evaluate -1 - (-13 + 10 + -11).
13
Calculate 17 + (0 - (13 - 4)).
8
11 + (6 - 22) - (-4 - 29)
28
What is the value of (3 - -10) + -3 + -9 + 1?
2
Evaluate 3 + (1 - ((10 - 5) + 24)).
-25
What is -4 + -2 - (-4 - (0 - 2) - -5)?
-9
Evaluate 3 + -3 + 7 + -19.
-12
Calculate (-1 - (1 - 3 - -4)) + -238 + 211.
-30
What is -1 - (-3 + 10 + -18)?
10
Evaluate (16 - 9) + -8 + -10.
-11
What is 7 + -23 - (10 + 8 + -57)?
23
1 + 4 - (5 + (10 - 4))
-6
Calculate -2 + -7 + (88 - 75) - 30.
-26
5 + (-3 - -4) - (-33 - (6 + -42))
3
4 + -4 + 5 - (-4 - (-2 + 0))
7
Evaluate -11 + 8 - (-2 + (-3 - -4)) - 3.
-5
Evaluate 33 + (1 - 0 - 4).
30
Calculate (-54 - -46) + (-1 + 1 - (-26 - -4)).
14
What is the value of 5 + 6 + (-5 + -4 - (2 - 7))?
7
-2 - 22 - (157 + -161)
-20
What is 10 + -12 + 8 + 16?
22
Evaluate (-7 - -15) + (-4 - -2) - (15 + -2).
-7
What is the value of 7 + -13 + 2 + -5 - -9?
0
What is the value of -23 - -27 - (-1 - -5) - 9?
-9
Calculate -1 + -39 + 36 + (1 - 2 - 2).
-7
8 + (-14 - 3 - (20 - 5))
-24
What is -2 + 24 + -10 + 10 + -11?
11
What is 14 + -11 - (7 + -15)?
11
-14 + -1 + 8 + (-8 - (6 + -8))
-13
-29 - (-12 - (41 + -25))
-1
Evaluate 2 - (7 + 13 - 6).
-12
Calculate 4 + -2 - (-32 + 20).
14
Evaluate (0 - -7) + -2 - (-4 + -2 + 1).
10
Calculate (-1 - (10 + -1 - 8)) + 8.
6
Calculate -4 - (2 - 6 - ((-11 - 11) + 7)).
-15
What is the value of 14 + (6 + -26 - 0)?
-6
6 + (3 - (-11 - -5 - (-21 + -3)))
-9
-5 + 3 + (-55 - -59)
2
Evaluate 22 - (-15 - -28) - 18.
-9
Calculate -5 - (-8 + 1 + -3 + 1 + 0).
4
(-5 - (-31 - -33)) + 18
11
Calculate -716 + 742 + (-1 + -1 - 0) + -6.
18
Evaluate 1 - -6 - (-22 + -17 + 9 + 16).
21
Calculate -6 - (8 + -14 - 6).
6
-64 + 19 + 60 - 0
15
Calculate (-1 - -16) + (-28 - (-1 + -28)).
16
Calculate -21 + (-2 - (4 + -23)) + -7 - -6.
-5
4 + (-13 - (-22 - (3 - -1)))
17
Calculate 6 + -9 + 0 + -7.
-10
What is (8 - 1) + 30 + (-79 - -47)?
5
What is the value of -177 - -194 - (1 + 2 + -10)?
24
279 + -336 + 42 + -2
-17
What is the value of -32 - (-1 - ((13 - 1) + -32 + 30))?
-21
What is the value of 14 + (-13 - 13 - -6)?
-6